{"id":204,"date":"2025-06-27T15:16:51","date_gmt":"2025-06-27T15:16:51","guid":{"rendered":"https:\/\/pedagogiecsstl.ca\/inclusion\/?page_id=204"},"modified":"2025-06-27T16:42:48","modified_gmt":"2025-06-27T16:42:48","slug":"documents-du-meq","status":"publish","type":"page","link":"https:\/\/pedagogiecsstl.ca\/inclusion\/documents-du-meq\/","title":{"rendered":"Documents du MEQ"},"content":{"rendered":"\n\n\t\t\t\t<a href=\"https:\/\/cdn-contenu.quebec.ca\/cdn-contenu\/education\/pfeq\/ressources-pedagogiques\/Differenciation-pedagogique.pdf\" target=\"_blank\" rel=\"noopener\">\n\t\t\t\t<img decoding=\"async\" src=\"https:\/\/media.pedagogiecsstl.ca\/wp-content\/uploads\/sites\/15\/2025\/06\/27164157\/MEQ-DP-V2.jpg\" alt=\"MEQ DP V2\" height=\"500\" width=\"500\" title=\"MEQ DP V2\" loading='lazy' \/>\n\t\t\t\t<\/a>\n\t\t\t\t<a href=\"https:\/\/cdn-contenu.quebec.ca\/cdn-contenu\/education\/pfeq\/ressources-pedagogiques\/Differenciation-pedagogique.pdf\" target=\"_blank\" rel=\"noopener\">\n\t\t\t\t<img decoding=\"async\" src=\"https:\/\/pedagogiecsstl.ca\/inclusion\/wp-content\/plugins\/bb-plugin\/img\/pixel.png\" alt=\"\" loading='lazy' \/>\n\t\t\t\t<\/a>\n\t\t\t\t<a href=\"https:\/\/cdn-contenu.quebec.ca\/cdn-contenu\/education\/pfeq\/ressources-pedagogiques\/Differencitation-pedago-outil-complementaire3.pdf#:~:text=La%20d%C3%A9marche%20du%20plan%20d%E2%80%99intervention%20prend%20appui%20sur,mise%20sur%20l%E2%80%99accompagnement%20pour%20faciliter%20sa%20r%C3%A9ussite%20%C3%A9ducative.\" target=\"_blank\" rel=\"noopener\">\n\t\t\t\t<img decoding=\"async\" src=\"https:\/\/media.pedagogiecsstl.ca\/wp-content\/uploads\/sites\/15\/2025\/06\/27163051\/Copie-de-MEQ-DP.jpg\" alt=\"Copie de MEQ DP\" height=\"500\" width=\"500\" title=\"Copie de MEQ DP\" loading='lazy' \/>\n\t\t\t\t<\/a>\n\t\t\t\t<a href=\"https:\/\/cdn-contenu.quebec.ca\/cdn-contenu\/education\/pfeq\/ressources-pedagogiques\/Differenciation-pedago-outil-complementaire1.pdf\" target=\"_blank\" rel=\"noopener\">\n\t\t\t\t<img decoding=\"async\" src=\"https:\/\/media.pedagogiecsstl.ca\/wp-content\/uploads\/sites\/15\/2025\/06\/27163049\/MEQ-Exemples-generaux-de-flex.jpg\" alt=\"MEQ Exemples g\u00e9n\u00e9raux de flex\" height=\"500\" width=\"500\" title=\"MEQ Exemples g\u00e9n\u00e9raux de flex\" loading='lazy' \/>\n\t\t\t\t<\/a>\n  \n  \n<a href=\"https:&#x2F;&#x2F;www.canva.com&#x2F;design&#x2F;DAFlz0_-RhM&#x2F;JWrmdC4NUoeFj4iHQIKqoA&#x2F;view?utm_content=DAFlz0_-RhM&amp;utm_campaign=designshare&amp;utm_medium=embeds&amp;utm_source=link\" target=\"_blank\" rel=\"noopener\">exemples disciplinaires de flexibilit\u00e9 p\u00e9dagogique<\/a> par St\u00e9phanie Marcoux\n\n","protected":false},"excerpt":{"rendered":"<p>exemples disciplinaires de flexibilit\u00e9 p\u00e9dagogique par St\u00e9phanie Marcoux<\/p>\n","protected":false},"author":18,"featured_media":0,"parent":0,"menu_order":0,"comment_status":"closed","ping_status":"closed","template":"","meta":{"footnotes":""},"class_list":["post-204","page","type-page","status-publish","hentry"],"featured_image_src":null,"featured_image_src_square":null,"_links":{"self":[{"href":"https:\/\/pedagogiecsstl.ca\/inclusion\/wp-json\/wp\/v2\/pages\/204","targetHints":{"allow":["GET"]}}],"collection":[{"href":"https:\/\/pedagogiecsstl.ca\/inclusion\/wp-json\/wp\/v2\/pages"}],"about":[{"href":"https:\/\/pedagogiecsstl.ca\/inclusion\/wp-json\/wp\/v2\/types\/page"}],"author":[{"embeddable":true,"href":"https:\/\/pedagogiecsstl.ca\/inclusion\/wp-json\/wp\/v2\/users\/18"}],"replies":[{"embeddable":true,"href":"https:\/\/pedagogiecsstl.ca\/inclusion\/wp-json\/wp\/v2\/comments?post=204"}],"version-history":[{"count":0,"href":"https:\/\/pedagogiecsstl.ca\/inclusion\/wp-json\/wp\/v2\/pages\/204\/revisions"}],"wp:attachment":[{"href":"https:\/\/pedagogiecsstl.ca\/inclusion\/wp-json\/wp\/v2\/media?parent=204"}],"curies":[{"name":"wp","href":"https:\/\/api.w.org\/{rel}","templated":true}]}}